763363 a composite number?
False
Is 22929811 a composite number?
True
Is 9011903 prime?
True
Is 34507811 prime?
False
Is 143902061 a composite number?
False
Is 31807189 composite?
False
Is 56451491 composite?
False
Is 11985497 a composite number?
True
Is 344565577 a prime number?
True
Is 3634219 prime?
True
Is 9968927 composite?
False
Is 6909857 a prime number?
False
Is 55897351 a prime number?
False
Is 232463065 a composite number?
True
Is 22704443 composite?
False
Is 131177741 prime?
True
Is 118408687 a composite number?
False
Is 3317467 prime?
False
Is 32966263 prime?
False
Is 7561993 a composite number?
False
Is 273741869 a composite number?
False
Is 279285637 prime?
True
Is 509053 a prime number?
True
Is 46919767 a composite number?
True
Is 22485103 a prime number?
True
Is 325483 a composite number?
True
Is 69308233 composite?
False
Is 28941581 a prime number?
False
Is 10728791 a prime number?
True
Is 56273951 composite?
False
Is 2853637 a prime number?
False
Is 23251751 prime?
True
Is 37375561 prime?
False
Is 43166057 a composite number?
True
Is 31189213 a prime number?
False
Is 27462535 a prime number?
False
Is 6531233 composite?
False
Is 122786869 a prime number?
False
Is 158623 a composite number?
True
Is 348357247 a composite number?
True
Is 1278983 composite?
False
Is 21270751 composite?
False
Is 12054239 a composite number?
True
Is 3822007 prime?
False
Is 21263882 a composite number?
True
Is 7654369 a composite number?
True
Is 876516967 prime?
False
Is 4756151 a prime number?
False
Is 729041531 a prime number?
True
Is 33795187 a prime number?
True
Is 4015189 composite?
False
Is 57503603 prime?
True
Is 17802751 a composite number?
True
Is 199299773 a composite number?
True
Is 6640691 a prime number?
False
Is 20350621 a composite number?
False
Is 157193359 prime?
True
Is 3001573 prime?
False
Is 545251 prime?
False
Is 97129339 a prime number?
False
Is 2528989 composite?
False
Is 15159757 prime?
False
Is 9116843 composite?
False
Is 141717367 composite?
True
Is 39355219 a prime number?
False
Is 56690629 prime?
False
Is 209672417 composite?
False
Is 152657 a prime number?
True
Is 230555837 prime?
True
Is 58475897 a composite number?
False
Is 26162701 a prime number?
True
Is 421937321 composite?
True
Is 5943139 prime?
True
Is 1574093 prime?
False
Is 8846323 a composite number?
False
Is 6455698 a prime number?
False
Is 355129 a composite number?
True
Is 139511409 prime?
False
Is 5802773 prime?
True
Is 2767871 a prime number?
True
Is 1601011 composite?
True
Is 5028409 composite?
False
Is 6719551 composite?
True
Is 2535646 a prime number?
False
Is 89290547 composite?
False
Is 64426259 composite?
True
Is 1631723 a composite number?
False
Is 85597843 a composite number?
True
Is 1574597027 prime?
True
Is 4160699 a prime number?
False
Is 52788871 prime?
False
Is 682476569 a prime number?
True
Is 62774741 a prime number?
True
Is 1239377 a prime number?
True
Is 52246037 composite?
False
Is 25301861 prime?
False
Is 193264249 a prime number?
True
Is 654067 composite?
False
Is 2162759 composite?
True
Is 2631217 a prime number?
True
Is 429827 a composite number?
False
Is 1666181 prime?
False
Is 1059283 prime?
False
Is 1728007 composite?
True
Is 386859121 a prime number?
False
Is 155640221 a prime number?
False
Is 375149 prime?
True
Is 19841 prime?
True
Is 55080121 composite?
True
Is 23272633 composite?
False
Is 597337 a composite number?
True
Is 2648021 a prime number?
True
Is 23889001 a composite number?
False
Is 2192501 a prime number?
False
Is 270055 prime?
False
Is 61532035 a composite number?
True
Is 8229673 a composite number?
True
Is 83470861 a prime number?
False
Is 11790659 composite?
True
Is 7791887 composite?
True
Is 21707583 a prime number?
False
Is 48362119 a prime number?
False
Is 19698353 composite?
False
Is 6788179 composite?
False
Is 17403917 a composite number?
False
Is 77069 composite?
False
Is 4151657 composite?
True
Is 571819 composite?
True
Is 1069727 a prime number?
True
Is 16338973 composite?
True
Is 156498521 a prime number?
False
Is 21536341 a prime number?
False
Is 211969 composite?
False
Is 9009743 composite?
True
Is 1457459 composite?
False
Is 179183 prime?
False
Is 1511723 composite?
False
Is 25955779 composite?
False
Is 1753007 a prime number?
True
Is 12513278 composite?
True
Is 10183181 composite?
True
Is 9631991 a prime number?
True
Is 20363837 a prime number?
False
Is 496160123 a composite number?
False
Is 16822654 composite?
True
Is 7394087 composite?
True
Is 47410457 a composite number?
False
Is 10053289 prime?
True
Is 14445493 composite?
False
Is 331811281 a composite number?
True
Is 111479009 a prime number?
True
Is 27969637 a prime number?
False
Is 12097531 a composite number?
False
Is 2375063 prime?
False
Is 7212943 a prime number?
True
Is 7907213 a prime number?
True
Is 13904207 prime?
False
Is 41941959 prime?
False
Is 528095 a composite number?
True
Is 32728627 prime?
True
Is 11354851 a composite number?
False
Is 17387429 prime?
True
Is 54639553 a prime number?
False
Is 7115873 a prime number?
True
Is 896687 prime?
False
Is 89930503 a prime number?
False
Is 59368541 a composite number?
False
Is 3962201 prime?
True
Is 7250713 a composite number?
True
Is 4905653 prime?
True
Is 232562191 prime?
True
Is 202591 a prime number?
True
Is 10569107 prime?
True
Is 816655687 composite?
True
Is 513131 prime?
True
Is 19540153 composite?
True
Is 5047057 a composite number?
False
Is 15706087 a composite number?
False
Is 1286477 a prime number?
False
Is 2999719 composite?
True
Is 404385895 a composite number?
True
Is 6094069 a composite number?
False
Is 4186421 a prime number?
True
Is 71518879 a composite number?
True
Is 2792123 a composite number?
False
Is 5624971 prime?
False
Is 4501117 a prime number?
False
Is 1165349 composite?
False
Is 2050079 a prime number?
True
Is 3757331 a composite number?
False
Is 34360351 prime?
True
Is 296742739 a prime number?
False
Is 1681046 prime?
False
Is 55132646 a composite number?
True
Is 2164993 a prime number?
False
Is 26785337 a prime number?
True
Is 6279541 composite?
False
Is 47091361 prime?
False
Is 5029531 composite?
True
Is 31523183 prime?
False
Is 8997407 a prime number?
True
Is 268121671 composite?
True
Is 8302431 a composite number?
True
Is 27873221 a composite number?
False
Is 407235139 a prime number?
False
Is 51533 prime?
False
Is 1462654 composite?
True
Is 130609 a composite number?
True
Is 95652367 a prime number?
True
Is 465286 a prime number?
False
Is 46164089 a prime number?
True
Is 286153919 a composite number?
False
Is 157652681 prime?
True
Is 462523 a prime number?
False
Is 1139191 prime?
True
Is 912007 prime?
True
Is 1684351 a composite number?
True
Is 18039871 prime?
True
Is 84684527 a composite number?
True
Is 4918477 composite?
False
Is 372372515 prime?
False
Is 2614757 a prime number?
False
Is 463484839 a composite number?
False
Is 2924017 a prime number?
False
Is 41525339 a prime number?
False
Is 964079 prime?
False
Is 2850719 a composite number?
False
Is 5549813 a composite number?
False
Is 16234423 a composite number?
False
Is 290740397 a composite number?
False
Is 459151211 a composite number?
True
Is 3172469 a prime number?
False
Is 3305447 a composite number?
False
Is 19542109 composite?
False
Is 962511955 composite?
True
Is 48268945 a prime number?
False
Is 30181649 a prime number?
True
Is 47874011 a composite number?
False
Is 400706263 a composite number?
True
Is 183746163 prime?
False
Is 506553 a composite number?
True
Is 29876029 composite?
True
Is 15148613 a prime number?
False
Is 38780191 composite?
False
Is 2492053 prime?
False
Is 48060169 a composite number?
False
Is 37186199 composite?
False
Is 8865763 prime?
True
Is 1454692049 a prime number?
True
Is 22534643 composite?
False
Is 4609289 composite?
True
Is 68564269 composite?
False
Is 362960333 a prime number?
True
Is 439297 a prime number?
False
Is 232956211 prime?
False
Is 1192379 prime?
False
Is 88144519 composite?
True
Is 12053669 a prime number?
True
Is 145261843 composite?
False
Is 85340909 a composite number?
False
Is 6053407 prime?
True
Is 76918957 a composite number?
False
Is 388507 prime?
False
Is 79420949 prime?
True
Is 9676886 a prime number?
False
Is 964949 prime?
False
Is 8103066